{"id":9178,"date":"2014-09-18T10:21:48","date_gmt":"2014-09-18T10:21:48","guid":{"rendered":"http:\/\/zskarlaiv.cz\/?page_id=9178"},"modified":"2015-01-28T10:23:19","modified_gmt":"2015-01-28T10:23:19","slug":"taborak-ve-sd","status":"publish","type":"page","link":"https:\/\/zskarlaiv.cz\/?page_id=9178","title":{"rendered":"T\u00e1bor\u00e1k ve \u0160D"},"content":{"rendered":"<p><!-- index.php -->\n<div\n\tclass=\"ngg-galleryoverview\n\t ngg-ajax-pagination-none\t\"\n\tid=\"ngg-gallery-944838183bf490c8f132b26126e39cf7-1\">\n\n\t\t<div class=\"slideshowlink\">\n\t\t<a href='https:\/\/zskarlaiv.cz\/index.php\/nggallery\/slideshow?page_id=9178'>[Show as slideshow]<\/a>\n\n\t<\/div>\n\t\t\t<!-- Thumbnails -->\n\t\t\t\t<div id=\"ngg-image-0\" class=\"ngg-gallery-thumbnail-box\"\n\t\t\t\t\t\t\t\t\t\t\t>\n\t\t\t\t\t\t<div class=\"ngg-gallery-thumbnail\">\n\t\t\t<a href=\"https:\/\/zskarlaiv.cz\/wp-content\/gallery\/taborak2014sd\/%C5%A0D-t%C3%A1bor%C3%A1k-001-Large.JPG\"\n\t\t\t\ttitle=\"\"\n\t\t\t\tdata-src=\"https:\/\/zskarlaiv.cz\/wp-content\/gallery\/taborak2014sd\/%C5%A0D-t%C3%A1bor%C3%A1k-001-Large.JPG\"\n\t\t\t\tdata-thumbnail=\"https:\/\/zskarlaiv.cz\/wp-content\/gallery\/taborak2014sd\/thumbs\/thumbs_%C5%A0D-t%C3%A1bor%C3%A1k-001-Large.JPG\"\n\t\t\t\tdata-image-id=\"16685\"\n\t\t\t\tdata-title=\"D - t\u00e1bor\u00e1k 001 (Large)\"\n\t\t\t\tdata-description=\"\"\n\t\t\t\tdata-image-slug=\"d-taborak-001-large\"\n\t\t\t\tclass=\"shutterset_944838183bf490c8f132b26126e39cf7\">\n\t\t\t\t<img\n\t\t\t\t\ttitle=\"D - t\u00e1bor\u00e1k 001 (Large)\"\n\t\t\t\t\talt=\"D - t\u00e1bor\u00e1k 001 (Large)\"\n\t\t\t\t\tsrc=\"https:\/\/zskarlaiv.cz\/wp-content\/gallery\/taborak2014sd\/thumbs\/thumbs_%C5%A0D-t%C3%A1bor%C3%A1k-001-Large.JPG\"\n\t\t\t\t\twidth=\"100\"\n\t\t\t\t\theight=\"75\"\n\t\t\t\t\tstyle=\"max-width:100%;\"\n\t\t\t\t\/>\n\t\t\t<\/a>\n\t\t<\/div>\n\t\t\t\t\t\t\t<\/div>\n\t\t\t\n\t\t\n\t\t\t\t<div id=\"ngg-image-1\" class=\"ngg-gallery-thumbnail-box\"\n\t\t\t\t\t\t\t\t\t\t\t>\n\t\t\t\t\t\t<div class=\"ngg-gallery-thumbnail\">\n\t\t\t<a href=\"https:\/\/zskarlaiv.cz\/wp-content\/gallery\/taborak2014sd\/%C5%A0D-t%C3%A1bor%C3%A1k-009-Large.JPG\"\n\t\t\t\ttitle=\" \"\n\t\t\t\tdata-src=\"https:\/\/zskarlaiv.cz\/wp-content\/gallery\/taborak2014sd\/%C5%A0D-t%C3%A1bor%C3%A1k-009-Large.JPG\"\n\t\t\t\tdata-thumbnail=\"https:\/\/zskarlaiv.cz\/wp-content\/gallery\/taborak2014sd\/thumbs\/thumbs_%C5%A0D-t%C3%A1bor%C3%A1k-009-Large.JPG\"\n\t\t\t\tdata-image-id=\"16686\"\n\t\t\t\tdata-title=\"D - t\u00e1bor\u00e1k 009 (Large)\"\n\t\t\t\tdata-description=\" \"\n\t\t\t\tdata-image-slug=\"d-taborak-009-large\"\n\t\t\t\tclass=\"shutterset_944838183bf490c8f132b26126e39cf7\">\n\t\t\t\t<img\n\t\t\t\t\ttitle=\"D - t\u00e1bor\u00e1k 009 (Large)\"\n\t\t\t\t\talt=\"D - t\u00e1bor\u00e1k 009 (Large)\"\n\t\t\t\t\tsrc=\"https:\/\/zskarlaiv.cz\/wp-content\/gallery\/taborak2014sd\/thumbs\/thumbs_%C5%A0D-t%C3%A1bor%C3%A1k-009-Large.JPG\"\n\t\t\t\t\twidth=\"100\"\n\t\t\t\t\theight=\"75\"\n\t\t\t\t\tstyle=\"max-width:100%;\"\n\t\t\t\t\/>\n\t\t\t<\/a>\n\t\t<\/div>\n\t\t\t\t\t\t\t<\/div>\n\t\t\t\n\t\t\n\t\t\t\t<div id=\"ngg-image-2\" class=\"ngg-gallery-thumbnail-box\"\n\t\t\t\t\t\t\t\t\t\t\t>\n\t\t\t\t\t\t<div class=\"ngg-gallery-thumbnail\">\n\t\t\t<a href=\"https:\/\/zskarlaiv.cz\/wp-content\/gallery\/taborak2014sd\/%C5%A0D-t%C3%A1bor%C3%A1k-012-Large.JPG\"\n\t\t\t\ttitle=\" \"\n\t\t\t\tdata-src=\"https:\/\/zskarlaiv.cz\/wp-content\/gallery\/taborak2014sd\/%C5%A0D-t%C3%A1bor%C3%A1k-012-Large.JPG\"\n\t\t\t\tdata-thumbnail=\"https:\/\/zskarlaiv.cz\/wp-content\/gallery\/taborak2014sd\/thumbs\/thumbs_%C5%A0D-t%C3%A1bor%C3%A1k-012-Large.JPG\"\n\t\t\t\tdata-image-id=\"16687\"\n\t\t\t\tdata-title=\"D - t\u00e1bor\u00e1k 012 (Large)\"\n\t\t\t\tdata-description=\" \"\n\t\t\t\tdata-image-slug=\"d-taborak-012-large\"\n\t\t\t\tclass=\"shutterset_944838183bf490c8f132b26126e39cf7\">\n\t\t\t\t<img\n\t\t\t\t\ttitle=\"D - t\u00e1bor\u00e1k 012 (Large)\"\n\t\t\t\t\talt=\"D - t\u00e1bor\u00e1k 012 (Large)\"\n\t\t\t\t\tsrc=\"https:\/\/zskarlaiv.cz\/wp-content\/gallery\/taborak2014sd\/thumbs\/thumbs_%C5%A0D-t%C3%A1bor%C3%A1k-012-Large.JPG\"\n\t\t\t\t\twidth=\"100\"\n\t\t\t\t\theight=\"75\"\n\t\t\t\t\tstyle=\"max-width:100%;\"\n\t\t\t\t\/>\n\t\t\t<\/a>\n\t\t<\/div>\n\t\t\t\t\t\t\t<\/div>\n\t\t\t\n\t\t\n\t\t\t\t<div id=\"ngg-image-3\" class=\"ngg-gallery-thumbnail-box\"\n\t\t\t\t\t\t\t\t\t\t\t>\n\t\t\t\t\t\t<div class=\"ngg-gallery-thumbnail\">\n\t\t\t<a href=\"https:\/\/zskarlaiv.cz\/wp-content\/gallery\/taborak2014sd\/%C5%A0D-t%C3%A1bor%C3%A1k-002-Large.JPG\"\n\t\t\t\ttitle=\" \"\n\t\t\t\tdata-src=\"https:\/\/zskarlaiv.cz\/wp-content\/gallery\/taborak2014sd\/%C5%A0D-t%C3%A1bor%C3%A1k-002-Large.JPG\"\n\t\t\t\tdata-thumbnail=\"https:\/\/zskarlaiv.cz\/wp-content\/gallery\/taborak2014sd\/thumbs\/thumbs_%C5%A0D-t%C3%A1bor%C3%A1k-002-Large.JPG\"\n\t\t\t\tdata-image-id=\"16688\"\n\t\t\t\tdata-title=\"D - t\u00e1bor\u00e1k 002 (Large)\"\n\t\t\t\tdata-description=\" \"\n\t\t\t\tdata-image-slug=\"d-taborak-002-large\"\n\t\t\t\tclass=\"shutterset_944838183bf490c8f132b26126e39cf7\">\n\t\t\t\t<img\n\t\t\t\t\ttitle=\"D - t\u00e1bor\u00e1k 002 (Large)\"\n\t\t\t\t\talt=\"D - t\u00e1bor\u00e1k 002 (Large)\"\n\t\t\t\t\tsrc=\"https:\/\/zskarlaiv.cz\/wp-content\/gallery\/taborak2014sd\/thumbs\/thumbs_%C5%A0D-t%C3%A1bor%C3%A1k-002-Large.JPG\"\n\t\t\t\t\twidth=\"100\"\n\t\t\t\t\theight=\"75\"\n\t\t\t\t\tstyle=\"max-width:100%;\"\n\t\t\t\t\/>\n\t\t\t<\/a>\n\t\t<\/div>\n\t\t\t\t\t\t\t<\/div>\n\t\t\t\n\t\t\n\t\t\t\t<div id=\"ngg-image-4\" class=\"ngg-gallery-thumbnail-box\"\n\t\t\t\t\t\t\t\t\t\t\t>\n\t\t\t\t\t\t<div class=\"ngg-gallery-thumbnail\">\n\t\t\t<a href=\"https:\/\/zskarlaiv.cz\/wp-content\/gallery\/taborak2014sd\/%C5%A0D-t%C3%A1bor%C3%A1k-006-Large.JPG\"\n\t\t\t\ttitle=\" \"\n\t\t\t\tdata-src=\"https:\/\/zskarlaiv.cz\/wp-content\/gallery\/taborak2014sd\/%C5%A0D-t%C3%A1bor%C3%A1k-006-Large.JPG\"\n\t\t\t\tdata-thumbnail=\"https:\/\/zskarlaiv.cz\/wp-content\/gallery\/taborak2014sd\/thumbs\/thumbs_%C5%A0D-t%C3%A1bor%C3%A1k-006-Large.JPG\"\n\t\t\t\tdata-image-id=\"16689\"\n\t\t\t\tdata-title=\"D - t\u00e1bor\u00e1k 006 (Large)\"\n\t\t\t\tdata-description=\" \"\n\t\t\t\tdata-image-slug=\"d-taborak-006-large\"\n\t\t\t\tclass=\"shutterset_944838183bf490c8f132b26126e39cf7\">\n\t\t\t\t<img\n\t\t\t\t\ttitle=\"D - t\u00e1bor\u00e1k 006 (Large)\"\n\t\t\t\t\talt=\"D - t\u00e1bor\u00e1k 006 (Large)\"\n\t\t\t\t\tsrc=\"https:\/\/zskarlaiv.cz\/wp-content\/gallery\/taborak2014sd\/thumbs\/thumbs_%C5%A0D-t%C3%A1bor%C3%A1k-006-Large.JPG\"\n\t\t\t\t\twidth=\"100\"\n\t\t\t\t\theight=\"75\"\n\t\t\t\t\tstyle=\"max-width:100%;\"\n\t\t\t\t\/>\n\t\t\t<\/a>\n\t\t<\/div>\n\t\t\t\t\t\t\t<\/div>\n\t\t\t\n\t\t\n\t\t\t\t<div id=\"ngg-image-5\" class=\"ngg-gallery-thumbnail-box\"\n\t\t\t\t\t\t\t\t\t\t\t>\n\t\t\t\t\t\t<div class=\"ngg-gallery-thumbnail\">\n\t\t\t<a href=\"https:\/\/zskarlaiv.cz\/wp-content\/gallery\/taborak2014sd\/%C5%A0D-t%C3%A1bor%C3%A1k-011-Large.JPG\"\n\t\t\t\ttitle=\" \"\n\t\t\t\tdata-src=\"https:\/\/zskarlaiv.cz\/wp-content\/gallery\/taborak2014sd\/%C5%A0D-t%C3%A1bor%C3%A1k-011-Large.JPG\"\n\t\t\t\tdata-thumbnail=\"https:\/\/zskarlaiv.cz\/wp-content\/gallery\/taborak2014sd\/thumbs\/thumbs_%C5%A0D-t%C3%A1bor%C3%A1k-011-Large.JPG\"\n\t\t\t\tdata-image-id=\"16690\"\n\t\t\t\tdata-title=\"D - t\u00e1bor\u00e1k 011 (Large)\"\n\t\t\t\tdata-description=\" \"\n\t\t\t\tdata-image-slug=\"d-taborak-011-large\"\n\t\t\t\tclass=\"shutterset_944838183bf490c8f132b26126e39cf7\">\n\t\t\t\t<img\n\t\t\t\t\ttitle=\"D - t\u00e1bor\u00e1k 011 (Large)\"\n\t\t\t\t\talt=\"D - t\u00e1bor\u00e1k 011 (Large)\"\n\t\t\t\t\tsrc=\"https:\/\/zskarlaiv.cz\/wp-content\/gallery\/taborak2014sd\/thumbs\/thumbs_%C5%A0D-t%C3%A1bor%C3%A1k-011-Large.JPG\"\n\t\t\t\t\twidth=\"100\"\n\t\t\t\t\theight=\"75\"\n\t\t\t\t\tstyle=\"max-width:100%;\"\n\t\t\t\t\/>\n\t\t\t<\/a>\n\t\t<\/div>\n\t\t\t\t\t\t\t<\/div>\n\t\t\t\n\t\t\n\t\t\t\t<div id=\"ngg-image-6\" class=\"ngg-gallery-thumbnail-box\"\n\t\t\t\t\t\t\t\t\t\t\t>\n\t\t\t\t\t\t<div class=\"ngg-gallery-thumbnail\">\n\t\t\t<a href=\"https:\/\/zskarlaiv.cz\/wp-content\/gallery\/taborak2014sd\/%C5%A0D-t%C3%A1bor%C3%A1k-004-Large.JPG\"\n\t\t\t\ttitle=\" \"\n\t\t\t\tdata-src=\"https:\/\/zskarlaiv.cz\/wp-content\/gallery\/taborak2014sd\/%C5%A0D-t%C3%A1bor%C3%A1k-004-Large.JPG\"\n\t\t\t\tdata-thumbnail=\"https:\/\/zskarlaiv.cz\/wp-content\/gallery\/taborak2014sd\/thumbs\/thumbs_%C5%A0D-t%C3%A1bor%C3%A1k-004-Large.JPG\"\n\t\t\t\tdata-image-id=\"16691\"\n\t\t\t\tdata-title=\"D - t\u00e1bor\u00e1k 004 (Large)\"\n\t\t\t\tdata-description=\" \"\n\t\t\t\tdata-image-slug=\"d-taborak-004-large\"\n\t\t\t\tclass=\"shutterset_944838183bf490c8f132b26126e39cf7\">\n\t\t\t\t<img\n\t\t\t\t\ttitle=\"D - t\u00e1bor\u00e1k 004 (Large)\"\n\t\t\t\t\talt=\"D - t\u00e1bor\u00e1k 004 (Large)\"\n\t\t\t\t\tsrc=\"https:\/\/zskarlaiv.cz\/wp-content\/gallery\/taborak2014sd\/thumbs\/thumbs_%C5%A0D-t%C3%A1bor%C3%A1k-004-Large.JPG\"\n\t\t\t\t\twidth=\"100\"\n\t\t\t\t\theight=\"75\"\n\t\t\t\t\tstyle=\"max-width:100%;\"\n\t\t\t\t\/>\n\t\t\t<\/a>\n\t\t<\/div>\n\t\t\t\t\t\t\t<\/div>\n\t\t\t\n\t\t\n\t\t\t\t<div id=\"ngg-image-7\" class=\"ngg-gallery-thumbnail-box\"\n\t\t\t\t\t\t\t\t\t\t\t>\n\t\t\t\t\t\t<div class=\"ngg-gallery-thumbnail\">\n\t\t\t<a href=\"https:\/\/zskarlaiv.cz\/wp-content\/gallery\/taborak2014sd\/%C5%A0D-t%C3%A1bor%C3%A1k-005-Large.JPG\"\n\t\t\t\ttitle=\" \"\n\t\t\t\tdata-src=\"https:\/\/zskarlaiv.cz\/wp-content\/gallery\/taborak2014sd\/%C5%A0D-t%C3%A1bor%C3%A1k-005-Large.JPG\"\n\t\t\t\tdata-thumbnail=\"https:\/\/zskarlaiv.cz\/wp-content\/gallery\/taborak2014sd\/thumbs\/thumbs_%C5%A0D-t%C3%A1bor%C3%A1k-005-Large.JPG\"\n\t\t\t\tdata-image-id=\"16692\"\n\t\t\t\tdata-title=\"D - t\u00e1bor\u00e1k 005 (Large)\"\n\t\t\t\tdata-description=\" \"\n\t\t\t\tdata-image-slug=\"d-taborak-005-large\"\n\t\t\t\tclass=\"shutterset_944838183bf490c8f132b26126e39cf7\">\n\t\t\t\t<img\n\t\t\t\t\ttitle=\"D - t\u00e1bor\u00e1k 005 (Large)\"\n\t\t\t\t\talt=\"D - t\u00e1bor\u00e1k 005 (Large)\"\n\t\t\t\t\tsrc=\"https:\/\/zskarlaiv.cz\/wp-content\/gallery\/taborak2014sd\/thumbs\/thumbs_%C5%A0D-t%C3%A1bor%C3%A1k-005-Large.JPG\"\n\t\t\t\t\twidth=\"100\"\n\t\t\t\t\theight=\"75\"\n\t\t\t\t\tstyle=\"max-width:100%;\"\n\t\t\t\t\/>\n\t\t\t<\/a>\n\t\t<\/div>\n\t\t\t\t\t\t\t<\/div>\n\t\t\t\n\t\t\n\t\t\t\t<div id=\"ngg-image-8\" class=\"ngg-gallery-thumbnail-box\"\n\t\t\t\t\t\t\t\t\t\t\t>\n\t\t\t\t\t\t<div class=\"ngg-gallery-thumbnail\">\n\t\t\t<a href=\"https:\/\/zskarlaiv.cz\/wp-content\/gallery\/taborak2014sd\/%C5%A0D-t%C3%A1bor%C3%A1k-007-Large.JPG\"\n\t\t\t\ttitle=\" \"\n\t\t\t\tdata-src=\"https:\/\/zskarlaiv.cz\/wp-content\/gallery\/taborak2014sd\/%C5%A0D-t%C3%A1bor%C3%A1k-007-Large.JPG\"\n\t\t\t\tdata-thumbnail=\"https:\/\/zskarlaiv.cz\/wp-content\/gallery\/taborak2014sd\/thumbs\/thumbs_%C5%A0D-t%C3%A1bor%C3%A1k-007-Large.JPG\"\n\t\t\t\tdata-image-id=\"16693\"\n\t\t\t\tdata-title=\"D - t\u00e1bor\u00e1k 007 (Large)\"\n\t\t\t\tdata-description=\" \"\n\t\t\t\tdata-image-slug=\"d-taborak-007-large\"\n\t\t\t\tclass=\"shutterset_944838183bf490c8f132b26126e39cf7\">\n\t\t\t\t<img\n\t\t\t\t\ttitle=\"D - t\u00e1bor\u00e1k 007 (Large)\"\n\t\t\t\t\talt=\"D - t\u00e1bor\u00e1k 007 (Large)\"\n\t\t\t\t\tsrc=\"https:\/\/zskarlaiv.cz\/wp-content\/gallery\/taborak2014sd\/thumbs\/thumbs_%C5%A0D-t%C3%A1bor%C3%A1k-007-Large.JPG\"\n\t\t\t\t\twidth=\"100\"\n\t\t\t\t\theight=\"75\"\n\t\t\t\t\tstyle=\"max-width:100%;\"\n\t\t\t\t\/>\n\t\t\t<\/a>\n\t\t<\/div>\n\t\t\t\t\t\t\t<\/div>\n\t\t\t\n\t\t\n\t\t\t\t<div id=\"ngg-image-9\" class=\"ngg-gallery-thumbnail-box\"\n\t\t\t\t\t\t\t\t\t\t\t>\n\t\t\t\t\t\t<div class=\"ngg-gallery-thumbnail\">\n\t\t\t<a href=\"https:\/\/zskarlaiv.cz\/wp-content\/gallery\/taborak2014sd\/%C5%A0D-t%C3%A1bor%C3%A1k-003-Large.JPG\"\n\t\t\t\ttitle=\" \"\n\t\t\t\tdata-src=\"https:\/\/zskarlaiv.cz\/wp-content\/gallery\/taborak2014sd\/%C5%A0D-t%C3%A1bor%C3%A1k-003-Large.JPG\"\n\t\t\t\tdata-thumbnail=\"https:\/\/zskarlaiv.cz\/wp-content\/gallery\/taborak2014sd\/thumbs\/thumbs_%C5%A0D-t%C3%A1bor%C3%A1k-003-Large.JPG\"\n\t\t\t\tdata-image-id=\"16694\"\n\t\t\t\tdata-title=\"D - t\u00e1bor\u00e1k 003 (Large)\"\n\t\t\t\tdata-description=\" \"\n\t\t\t\tdata-image-slug=\"d-taborak-003-large\"\n\t\t\t\tclass=\"shutterset_944838183bf490c8f132b26126e39cf7\">\n\t\t\t\t<img\n\t\t\t\t\ttitle=\"D - t\u00e1bor\u00e1k 003 (Large)\"\n\t\t\t\t\talt=\"D - t\u00e1bor\u00e1k 003 (Large)\"\n\t\t\t\t\tsrc=\"https:\/\/zskarlaiv.cz\/wp-content\/gallery\/taborak2014sd\/thumbs\/thumbs_%C5%A0D-t%C3%A1bor%C3%A1k-003-Large.JPG\"\n\t\t\t\t\twidth=\"100\"\n\t\t\t\t\theight=\"75\"\n\t\t\t\t\tstyle=\"max-width:100%;\"\n\t\t\t\t\/>\n\t\t\t<\/a>\n\t\t<\/div>\n\t\t\t\t\t\t\t<\/div>\n\t\t\t\n\t\t\n\t\t\t\t<div id=\"ngg-image-10\" class=\"ngg-gallery-thumbnail-box\"\n\t\t\t\t\t\t\t\t\t\t\t>\n\t\t\t\t\t\t<div class=\"ngg-gallery-thumbnail\">\n\t\t\t<a href=\"https:\/\/zskarlaiv.cz\/wp-content\/gallery\/taborak2014sd\/%C5%A0D-t%C3%A1bor%C3%A1k-010-Large.JPG\"\n\t\t\t\ttitle=\" \"\n\t\t\t\tdata-src=\"https:\/\/zskarlaiv.cz\/wp-content\/gallery\/taborak2014sd\/%C5%A0D-t%C3%A1bor%C3%A1k-010-Large.JPG\"\n\t\t\t\tdata-thumbnail=\"https:\/\/zskarlaiv.cz\/wp-content\/gallery\/taborak2014sd\/thumbs\/thumbs_%C5%A0D-t%C3%A1bor%C3%A1k-010-Large.JPG\"\n\t\t\t\tdata-image-id=\"16695\"\n\t\t\t\tdata-title=\"D - t\u00e1bor\u00e1k 010 (Large)\"\n\t\t\t\tdata-description=\" \"\n\t\t\t\tdata-image-slug=\"d-t%c3%a1bor%c3%a1k-010-large-1\"\n\t\t\t\tclass=\"shutterset_944838183bf490c8f132b26126e39cf7\">\n\t\t\t\t<img\n\t\t\t\t\ttitle=\"D - t\u00e1bor\u00e1k 010 (Large)\"\n\t\t\t\t\talt=\"D - t\u00e1bor\u00e1k 010 (Large)\"\n\t\t\t\t\tsrc=\"https:\/\/zskarlaiv.cz\/wp-content\/gallery\/taborak2014sd\/thumbs\/thumbs_%C5%A0D-t%C3%A1bor%C3%A1k-010-Large.JPG\"\n\t\t\t\t\twidth=\"100\"\n\t\t\t\t\theight=\"75\"\n\t\t\t\t\tstyle=\"max-width:100%;\"\n\t\t\t\t\/>\n\t\t\t<\/a>\n\t\t<\/div>\n\t\t\t\t\t\t\t<\/div>\n\t\t\t\n\t\t\n\t\t\n\t\t<!-- Pagination -->\n\t\t<div class='ngg-clear'><\/div>\t<\/div>\n<\/p>\n","protected":false},"excerpt":{"rendered":"<p>[Show as slideshow]<\/p>\n","protected":false},"author":1,"featured_media":0,"parent":0,"menu_order":0,"comment_status":"closed","ping_status":"open","template":"","meta":{"ngg_post_thumbnail":0,"footnotes":""},"class_list":["post-9178","page","type-page","status-publish","hentry"],"_links":{"self":[{"href":"https:\/\/zskarlaiv.cz\/index.php?rest_route=\/wp\/v2\/pages\/9178","targetHints":{"allow":["GET"]}}],"collection":[{"href":"https:\/\/zskarlaiv.cz\/index.php?rest_route=\/wp\/v2\/pages"}],"about":[{"href":"https:\/\/zskarlaiv.cz\/index.php?rest_route=\/wp\/v2\/types\/page"}],"author":[{"embeddable":true,"href":"https:\/\/zskarlaiv.cz\/index.php?rest_route=\/wp\/v2\/users\/1"}],"replies":[{"embeddable":true,"href":"https:\/\/zskarlaiv.cz\/index.php?rest_route=%2Fwp%2Fv2%2Fcomments&post=9178"}],"version-history":[{"count":1,"href":"https:\/\/zskarlaiv.cz\/index.php?rest_route=\/wp\/v2\/pages\/9178\/revisions"}],"predecessor-version":[{"id":9180,"href":"https:\/\/zskarlaiv.cz\/index.php?rest_route=\/wp\/v2\/pages\/9178\/revisions\/9180"}],"wp:attachment":[{"href":"https:\/\/zskarlaiv.cz\/index.php?rest_route=%2Fwp%2Fv2%2Fmedia&parent=9178"}],"curies":[{"name":"wp","href":"https:\/\/api.w.org\/{rel}","templated":true}]}}