{"id":705,"date":"2011-09-22T11:53:17","date_gmt":"2011-09-22T09:53:17","guid":{"rendered":"http:\/\/www.zskarlaiv.cz\/wpress\/?page_id=705"},"modified":"2022-11-01T15:50:23","modified_gmt":"2022-11-01T15:50:23","slug":"uredni-deska","status":"publish","type":"page","link":"https:\/\/zskarlaiv.cz\/?page_id=705","title":{"rendered":"\u00da\u0159edn\u00ed deska"},"content":{"rendered":"<ul>\n<li><a href=\"http:\/\/zskarlaiv.cz\/wp-content\/uploads\/2022\/11\/V\u00fdro\u010dn\u00ed-zpr\u00e1va-2021-2022.doc\">V\u00fdro\u010dn\u00ed zpr\u00e1va<\/a><\/li>\n<li>ICT pl\u00e1n (PDF)<\/li>\n<li>\u0160koln\u00ed \u0159\u00e1d (PDF)<\/li>\n<li>ostatn\u00ed \u0161koln\u00ed dokumentace<\/li>\n<\/ul>\n\n\n<p><\/p>\n","protected":false},"excerpt":{"rendered":"<p>V\u00fdro\u010dn\u00ed zpr\u00e1va ICT pl\u00e1n (PDF) \u0160koln\u00ed \u0159\u00e1d (PDF) ostatn\u00ed \u0161koln\u00ed dokumentace<\/p>\n","protected":false},"author":1,"featured_media":0,"parent":0,"menu_order":0,"comment_status":"open","ping_status":"open","template":"","meta":{"ngg_post_thumbnail":0,"footnotes":""},"class_list":["post-705","page","type-page","status-publish","hentry"],"_links":{"self":[{"href":"https:\/\/zskarlaiv.cz\/index.php?rest_route=\/wp\/v2\/pages\/705","targetHints":{"allow":["GET"]}}],"collection":[{"href":"https:\/\/zskarlaiv.cz\/index.php?rest_route=\/wp\/v2\/pages"}],"about":[{"href":"https:\/\/zskarlaiv.cz\/index.php?rest_route=\/wp\/v2\/types\/page"}],"author":[{"embeddable":true,"href":"https:\/\/zskarlaiv.cz\/index.php?rest_route=\/wp\/v2\/users\/1"}],"replies":[{"embeddable":true,"href":"https:\/\/zskarlaiv.cz\/index.php?rest_route=%2Fwp%2Fv2%2Fcomments&post=705"}],"version-history":[{"count":2,"href":"https:\/\/zskarlaiv.cz\/index.php?rest_route=\/wp\/v2\/pages\/705\/revisions"}],"predecessor-version":[{"id":27117,"href":"https:\/\/zskarlaiv.cz\/index.php?rest_route=\/wp\/v2\/pages\/705\/revisions\/27117"}],"wp:attachment":[{"href":"https:\/\/zskarlaiv.cz\/index.php?rest_route=%2Fwp%2Fv2%2Fmedia&parent=705"}],"curies":[{"name":"wp","href":"https:\/\/api.w.org\/{rel}","templated":true}]}}