{"id":4615,"date":"2014-05-15T13:30:56","date_gmt":"2014-05-15T13:30:56","guid":{"rendered":"http:\/\/zskarlaiv.cz\/?page_id=4615"},"modified":"2014-05-15T13:31:16","modified_gmt":"2014-05-15T13:31:16","slug":"ukazky-z-modelare","status":"publish","type":"page","link":"https:\/\/zskarlaiv.cz\/?page_id=4615","title":{"rendered":"Uk\u00e1zky z model\u00e1\u0159e"},"content":{"rendered":"<p><!-- index.php -->\n<div\n\tclass=\"ngg-galleryoverview\n\t ngg-ajax-pagination-none\t\"\n\tid=\"ngg-gallery-f04f70f4e77531117636f9eb5c731a95-1\">\n\n\t\t<div class=\"slideshowlink\">\n\t\t<a href='https:\/\/zskarlaiv.cz\/index.php\/nggallery\/slideshow?page_id=4615'>[Show as slideshow]<\/a>\n\n\t<\/div>\n\t\t\t<!-- Thumbnails -->\n\t\t\t\t<div id=\"ngg-image-0\" class=\"ngg-gallery-thumbnail-box\"\n\t\t\t\t\t\t\t\t\t\t\t>\n\t\t\t\t\t\t<div class=\"ngg-gallery-thumbnail\">\n\t\t\t<a href=\"https:\/\/zskarlaiv.cz\/wp-content\/gallery\/modelar\/DSC_0097-Large.JPG\"\n\t\t\t\ttitle=\"\"\n\t\t\t\tdata-src=\"https:\/\/zskarlaiv.cz\/wp-content\/gallery\/modelar\/DSC_0097-Large.JPG\"\n\t\t\t\tdata-thumbnail=\"https:\/\/zskarlaiv.cz\/wp-content\/gallery\/modelar\/thumbs\/thumbs_DSC_0097-Large.JPG\"\n\t\t\t\tdata-image-id=\"15690\"\n\t\t\t\tdata-title=\"DSC_0097 (Large)\"\n\t\t\t\tdata-description=\"\"\n\t\t\t\tdata-image-slug=\"dsc_0097-large-1\"\n\t\t\t\tclass=\"shutterset_f04f70f4e77531117636f9eb5c731a95\">\n\t\t\t\t<img\n\t\t\t\t\ttitle=\"DSC_0097 (Large)\"\n\t\t\t\t\talt=\"DSC_0097 (Large)\"\n\t\t\t\t\tsrc=\"https:\/\/zskarlaiv.cz\/wp-content\/gallery\/modelar\/thumbs\/thumbs_DSC_0097-Large.JPG\"\n\t\t\t\t\twidth=\"100\"\n\t\t\t\t\theight=\"75\"\n\t\t\t\t\tstyle=\"max-width:100%;\"\n\t\t\t\t\/>\n\t\t\t<\/a>\n\t\t<\/div>\n\t\t\t\t\t\t\t<\/div>\n\t\t\t\n\t\t\n\t\t\t\t<div id=\"ngg-image-1\" class=\"ngg-gallery-thumbnail-box\"\n\t\t\t\t\t\t\t\t\t\t\t>\n\t\t\t\t\t\t<div class=\"ngg-gallery-thumbnail\">\n\t\t\t<a href=\"https:\/\/zskarlaiv.cz\/wp-content\/gallery\/modelar\/DSC_0096-Large.JPG\"\n\t\t\t\ttitle=\" \"\n\t\t\t\tdata-src=\"https:\/\/zskarlaiv.cz\/wp-content\/gallery\/modelar\/DSC_0096-Large.JPG\"\n\t\t\t\tdata-thumbnail=\"https:\/\/zskarlaiv.cz\/wp-content\/gallery\/modelar\/thumbs\/thumbs_DSC_0096-Large.JPG\"\n\t\t\t\tdata-image-id=\"15691\"\n\t\t\t\tdata-title=\"DSC_0096 (Large)\"\n\t\t\t\tdata-description=\" \"\n\t\t\t\tdata-image-slug=\"dsc_0096-large-1\"\n\t\t\t\tclass=\"shutterset_f04f70f4e77531117636f9eb5c731a95\">\n\t\t\t\t<img\n\t\t\t\t\ttitle=\"DSC_0096 (Large)\"\n\t\t\t\t\talt=\"DSC_0096 (Large)\"\n\t\t\t\t\tsrc=\"https:\/\/zskarlaiv.cz\/wp-content\/gallery\/modelar\/thumbs\/thumbs_DSC_0096-Large.JPG\"\n\t\t\t\t\twidth=\"100\"\n\t\t\t\t\theight=\"75\"\n\t\t\t\t\tstyle=\"max-width:100%;\"\n\t\t\t\t\/>\n\t\t\t<\/a>\n\t\t<\/div>\n\t\t\t\t\t\t\t<\/div>\n\t\t\t\n\t\t\n\t\t\t\t<div id=\"ngg-image-2\" class=\"ngg-gallery-thumbnail-box\"\n\t\t\t\t\t\t\t\t\t\t\t>\n\t\t\t\t\t\t<div class=\"ngg-gallery-thumbnail\">\n\t\t\t<a href=\"https:\/\/zskarlaiv.cz\/wp-content\/gallery\/modelar\/DSC_0085-Large.JPG\"\n\t\t\t\ttitle=\" \"\n\t\t\t\tdata-src=\"https:\/\/zskarlaiv.cz\/wp-content\/gallery\/modelar\/DSC_0085-Large.JPG\"\n\t\t\t\tdata-thumbnail=\"https:\/\/zskarlaiv.cz\/wp-content\/gallery\/modelar\/thumbs\/thumbs_DSC_0085-Large.JPG\"\n\t\t\t\tdata-image-id=\"15692\"\n\t\t\t\tdata-title=\"DSC_0085 (Large)\"\n\t\t\t\tdata-description=\" \"\n\t\t\t\tdata-image-slug=\"dsc_0085-large-1\"\n\t\t\t\tclass=\"shutterset_f04f70f4e77531117636f9eb5c731a95\">\n\t\t\t\t<img\n\t\t\t\t\ttitle=\"DSC_0085 (Large)\"\n\t\t\t\t\talt=\"DSC_0085 (Large)\"\n\t\t\t\t\tsrc=\"https:\/\/zskarlaiv.cz\/wp-content\/gallery\/modelar\/thumbs\/thumbs_DSC_0085-Large.JPG\"\n\t\t\t\t\twidth=\"100\"\n\t\t\t\t\theight=\"75\"\n\t\t\t\t\tstyle=\"max-width:100%;\"\n\t\t\t\t\/>\n\t\t\t<\/a>\n\t\t<\/div>\n\t\t\t\t\t\t\t<\/div>\n\t\t\t\n\t\t\n\t\t\t\t<div id=\"ngg-image-3\" class=\"ngg-gallery-thumbnail-box\"\n\t\t\t\t\t\t\t\t\t\t\t>\n\t\t\t\t\t\t<div class=\"ngg-gallery-thumbnail\">\n\t\t\t<a href=\"https:\/\/zskarlaiv.cz\/wp-content\/gallery\/modelar\/DSC_0086-Large.JPG\"\n\t\t\t\ttitle=\" \"\n\t\t\t\tdata-src=\"https:\/\/zskarlaiv.cz\/wp-content\/gallery\/modelar\/DSC_0086-Large.JPG\"\n\t\t\t\tdata-thumbnail=\"https:\/\/zskarlaiv.cz\/wp-content\/gallery\/modelar\/thumbs\/thumbs_DSC_0086-Large.JPG\"\n\t\t\t\tdata-image-id=\"15693\"\n\t\t\t\tdata-title=\"DSC_0086 (Large)\"\n\t\t\t\tdata-description=\" \"\n\t\t\t\tdata-image-slug=\"dsc_0086-large-1\"\n\t\t\t\tclass=\"shutterset_f04f70f4e77531117636f9eb5c731a95\">\n\t\t\t\t<img\n\t\t\t\t\ttitle=\"DSC_0086 (Large)\"\n\t\t\t\t\talt=\"DSC_0086 (Large)\"\n\t\t\t\t\tsrc=\"https:\/\/zskarlaiv.cz\/wp-content\/gallery\/modelar\/thumbs\/thumbs_DSC_0086-Large.JPG\"\n\t\t\t\t\twidth=\"100\"\n\t\t\t\t\theight=\"75\"\n\t\t\t\t\tstyle=\"max-width:100%;\"\n\t\t\t\t\/>\n\t\t\t<\/a>\n\t\t<\/div>\n\t\t\t\t\t\t\t<\/div>\n\t\t\t\n\t\t\n\t\t\t\t<div id=\"ngg-image-4\" class=\"ngg-gallery-thumbnail-box\"\n\t\t\t\t\t\t\t\t\t\t\t>\n\t\t\t\t\t\t<div class=\"ngg-gallery-thumbnail\">\n\t\t\t<a href=\"https:\/\/zskarlaiv.cz\/wp-content\/gallery\/modelar\/DSC_0087-Large.JPG\"\n\t\t\t\ttitle=\" \"\n\t\t\t\tdata-src=\"https:\/\/zskarlaiv.cz\/wp-content\/gallery\/modelar\/DSC_0087-Large.JPG\"\n\t\t\t\tdata-thumbnail=\"https:\/\/zskarlaiv.cz\/wp-content\/gallery\/modelar\/thumbs\/thumbs_DSC_0087-Large.JPG\"\n\t\t\t\tdata-image-id=\"15694\"\n\t\t\t\tdata-title=\"DSC_0087 (Large)\"\n\t\t\t\tdata-description=\" \"\n\t\t\t\tdata-image-slug=\"dsc_0087-large\"\n\t\t\t\tclass=\"shutterset_f04f70f4e77531117636f9eb5c731a95\">\n\t\t\t\t<img\n\t\t\t\t\ttitle=\"DSC_0087 (Large)\"\n\t\t\t\t\talt=\"DSC_0087 (Large)\"\n\t\t\t\t\tsrc=\"https:\/\/zskarlaiv.cz\/wp-content\/gallery\/modelar\/thumbs\/thumbs_DSC_0087-Large.JPG\"\n\t\t\t\t\twidth=\"100\"\n\t\t\t\t\theight=\"75\"\n\t\t\t\t\tstyle=\"max-width:100%;\"\n\t\t\t\t\/>\n\t\t\t<\/a>\n\t\t<\/div>\n\t\t\t\t\t\t\t<\/div>\n\t\t\t\n\t\t\n\t\t\t\t<div id=\"ngg-image-5\" class=\"ngg-gallery-thumbnail-box\"\n\t\t\t\t\t\t\t\t\t\t\t>\n\t\t\t\t\t\t<div class=\"ngg-gallery-thumbnail\">\n\t\t\t<a href=\"https:\/\/zskarlaiv.cz\/wp-content\/gallery\/modelar\/DSC_0095-Large.JPG\"\n\t\t\t\ttitle=\" \"\n\t\t\t\tdata-src=\"https:\/\/zskarlaiv.cz\/wp-content\/gallery\/modelar\/DSC_0095-Large.JPG\"\n\t\t\t\tdata-thumbnail=\"https:\/\/zskarlaiv.cz\/wp-content\/gallery\/modelar\/thumbs\/thumbs_DSC_0095-Large.JPG\"\n\t\t\t\tdata-image-id=\"15695\"\n\t\t\t\tdata-title=\"DSC_0095 (Large)\"\n\t\t\t\tdata-description=\" \"\n\t\t\t\tdata-image-slug=\"dsc_0095-large-1\"\n\t\t\t\tclass=\"shutterset_f04f70f4e77531117636f9eb5c731a95\">\n\t\t\t\t<img\n\t\t\t\t\ttitle=\"DSC_0095 (Large)\"\n\t\t\t\t\talt=\"DSC_0095 (Large)\"\n\t\t\t\t\tsrc=\"https:\/\/zskarlaiv.cz\/wp-content\/gallery\/modelar\/thumbs\/thumbs_DSC_0095-Large.JPG\"\n\t\t\t\t\twidth=\"100\"\n\t\t\t\t\theight=\"75\"\n\t\t\t\t\tstyle=\"max-width:100%;\"\n\t\t\t\t\/>\n\t\t\t<\/a>\n\t\t<\/div>\n\t\t\t\t\t\t\t<\/div>\n\t\t\t\n\t\t\n\t\t\t\t<div id=\"ngg-image-6\" class=\"ngg-gallery-thumbnail-box\"\n\t\t\t\t\t\t\t\t\t\t\t>\n\t\t\t\t\t\t<div class=\"ngg-gallery-thumbnail\">\n\t\t\t<a href=\"https:\/\/zskarlaiv.cz\/wp-content\/gallery\/modelar\/DSC_0093-Large.JPG\"\n\t\t\t\ttitle=\" \"\n\t\t\t\tdata-src=\"https:\/\/zskarlaiv.cz\/wp-content\/gallery\/modelar\/DSC_0093-Large.JPG\"\n\t\t\t\tdata-thumbnail=\"https:\/\/zskarlaiv.cz\/wp-content\/gallery\/modelar\/thumbs\/thumbs_DSC_0093-Large.JPG\"\n\t\t\t\tdata-image-id=\"15696\"\n\t\t\t\tdata-title=\"DSC_0093 (Large)\"\n\t\t\t\tdata-description=\" \"\n\t\t\t\tdata-image-slug=\"dsc_0093-large-1\"\n\t\t\t\tclass=\"shutterset_f04f70f4e77531117636f9eb5c731a95\">\n\t\t\t\t<img\n\t\t\t\t\ttitle=\"DSC_0093 (Large)\"\n\t\t\t\t\talt=\"DSC_0093 (Large)\"\n\t\t\t\t\tsrc=\"https:\/\/zskarlaiv.cz\/wp-content\/gallery\/modelar\/thumbs\/thumbs_DSC_0093-Large.JPG\"\n\t\t\t\t\twidth=\"100\"\n\t\t\t\t\theight=\"75\"\n\t\t\t\t\tstyle=\"max-width:100%;\"\n\t\t\t\t\/>\n\t\t\t<\/a>\n\t\t<\/div>\n\t\t\t\t\t\t\t<\/div>\n\t\t\t\n\t\t\n\t\t\t\t<div id=\"ngg-image-7\" class=\"ngg-gallery-thumbnail-box\"\n\t\t\t\t\t\t\t\t\t\t\t>\n\t\t\t\t\t\t<div class=\"ngg-gallery-thumbnail\">\n\t\t\t<a href=\"https:\/\/zskarlaiv.cz\/wp-content\/gallery\/modelar\/DSC_0092-Large.JPG\"\n\t\t\t\ttitle=\" \"\n\t\t\t\tdata-src=\"https:\/\/zskarlaiv.cz\/wp-content\/gallery\/modelar\/DSC_0092-Large.JPG\"\n\t\t\t\tdata-thumbnail=\"https:\/\/zskarlaiv.cz\/wp-content\/gallery\/modelar\/thumbs\/thumbs_DSC_0092-Large.JPG\"\n\t\t\t\tdata-image-id=\"15697\"\n\t\t\t\tdata-title=\"DSC_0092 (Large)\"\n\t\t\t\tdata-description=\" \"\n\t\t\t\tdata-image-slug=\"dsc_0092-large-1\"\n\t\t\t\tclass=\"shutterset_f04f70f4e77531117636f9eb5c731a95\">\n\t\t\t\t<img\n\t\t\t\t\ttitle=\"DSC_0092 (Large)\"\n\t\t\t\t\talt=\"DSC_0092 (Large)\"\n\t\t\t\t\tsrc=\"https:\/\/zskarlaiv.cz\/wp-content\/gallery\/modelar\/thumbs\/thumbs_DSC_0092-Large.JPG\"\n\t\t\t\t\twidth=\"100\"\n\t\t\t\t\theight=\"75\"\n\t\t\t\t\tstyle=\"max-width:100%;\"\n\t\t\t\t\/>\n\t\t\t<\/a>\n\t\t<\/div>\n\t\t\t\t\t\t\t<\/div>\n\t\t\t\n\t\t\n\t\t\t\t<div id=\"ngg-image-8\" class=\"ngg-gallery-thumbnail-box\"\n\t\t\t\t\t\t\t\t\t\t\t>\n\t\t\t\t\t\t<div class=\"ngg-gallery-thumbnail\">\n\t\t\t<a href=\"https:\/\/zskarlaiv.cz\/wp-content\/gallery\/modelar\/DSC_0094-Large.JPG\"\n\t\t\t\ttitle=\" \"\n\t\t\t\tdata-src=\"https:\/\/zskarlaiv.cz\/wp-content\/gallery\/modelar\/DSC_0094-Large.JPG\"\n\t\t\t\tdata-thumbnail=\"https:\/\/zskarlaiv.cz\/wp-content\/gallery\/modelar\/thumbs\/thumbs_DSC_0094-Large.JPG\"\n\t\t\t\tdata-image-id=\"15698\"\n\t\t\t\tdata-title=\"DSC_0094 (Large)\"\n\t\t\t\tdata-description=\" \"\n\t\t\t\tdata-image-slug=\"dsc_0094-large-1\"\n\t\t\t\tclass=\"shutterset_f04f70f4e77531117636f9eb5c731a95\">\n\t\t\t\t<img\n\t\t\t\t\ttitle=\"DSC_0094 (Large)\"\n\t\t\t\t\talt=\"DSC_0094 (Large)\"\n\t\t\t\t\tsrc=\"https:\/\/zskarlaiv.cz\/wp-content\/gallery\/modelar\/thumbs\/thumbs_DSC_0094-Large.JPG\"\n\t\t\t\t\twidth=\"100\"\n\t\t\t\t\theight=\"75\"\n\t\t\t\t\tstyle=\"max-width:100%;\"\n\t\t\t\t\/>\n\t\t\t<\/a>\n\t\t<\/div>\n\t\t\t\t\t\t\t<\/div>\n\t\t\t\n\t\t\n\t\t\t\t<div id=\"ngg-image-9\" class=\"ngg-gallery-thumbnail-box\"\n\t\t\t\t\t\t\t\t\t\t\t>\n\t\t\t\t\t\t<div class=\"ngg-gallery-thumbnail\">\n\t\t\t<a href=\"https:\/\/zskarlaiv.cz\/wp-content\/gallery\/modelar\/DSC_0088-Large.JPG\"\n\t\t\t\ttitle=\" \"\n\t\t\t\tdata-src=\"https:\/\/zskarlaiv.cz\/wp-content\/gallery\/modelar\/DSC_0088-Large.JPG\"\n\t\t\t\tdata-thumbnail=\"https:\/\/zskarlaiv.cz\/wp-content\/gallery\/modelar\/thumbs\/thumbs_DSC_0088-Large.JPG\"\n\t\t\t\tdata-image-id=\"15699\"\n\t\t\t\tdata-title=\"DSC_0088 (Large)\"\n\t\t\t\tdata-description=\" \"\n\t\t\t\tdata-image-slug=\"dsc_0088-large-1\"\n\t\t\t\tclass=\"shutterset_f04f70f4e77531117636f9eb5c731a95\">\n\t\t\t\t<img\n\t\t\t\t\ttitle=\"DSC_0088 (Large)\"\n\t\t\t\t\talt=\"DSC_0088 (Large)\"\n\t\t\t\t\tsrc=\"https:\/\/zskarlaiv.cz\/wp-content\/gallery\/modelar\/thumbs\/thumbs_DSC_0088-Large.JPG\"\n\t\t\t\t\twidth=\"100\"\n\t\t\t\t\theight=\"75\"\n\t\t\t\t\tstyle=\"max-width:100%;\"\n\t\t\t\t\/>\n\t\t\t<\/a>\n\t\t<\/div>\n\t\t\t\t\t\t\t<\/div>\n\t\t\t\n\t\t\n\t\t\t\t<div id=\"ngg-image-10\" class=\"ngg-gallery-thumbnail-box\"\n\t\t\t\t\t\t\t\t\t\t\t>\n\t\t\t\t\t\t<div class=\"ngg-gallery-thumbnail\">\n\t\t\t<a href=\"https:\/\/zskarlaiv.cz\/wp-content\/gallery\/modelar\/DSC_0090-Large.JPG\"\n\t\t\t\ttitle=\" \"\n\t\t\t\tdata-src=\"https:\/\/zskarlaiv.cz\/wp-content\/gallery\/modelar\/DSC_0090-Large.JPG\"\n\t\t\t\tdata-thumbnail=\"https:\/\/zskarlaiv.cz\/wp-content\/gallery\/modelar\/thumbs\/thumbs_DSC_0090-Large.JPG\"\n\t\t\t\tdata-image-id=\"15700\"\n\t\t\t\tdata-title=\"DSC_0090 (Large)\"\n\t\t\t\tdata-description=\" \"\n\t\t\t\tdata-image-slug=\"dsc_0090-large-1\"\n\t\t\t\tclass=\"shutterset_f04f70f4e77531117636f9eb5c731a95\">\n\t\t\t\t<img\n\t\t\t\t\ttitle=\"DSC_0090 (Large)\"\n\t\t\t\t\talt=\"DSC_0090 (Large)\"\n\t\t\t\t\tsrc=\"https:\/\/zskarlaiv.cz\/wp-content\/gallery\/modelar\/thumbs\/thumbs_DSC_0090-Large.JPG\"\n\t\t\t\t\twidth=\"100\"\n\t\t\t\t\theight=\"75\"\n\t\t\t\t\tstyle=\"max-width:100%;\"\n\t\t\t\t\/>\n\t\t\t<\/a>\n\t\t<\/div>\n\t\t\t\t\t\t\t<\/div>\n\t\t\t\n\t\t\n\t\t\t\t<div id=\"ngg-image-11\" class=\"ngg-gallery-thumbnail-box\"\n\t\t\t\t\t\t\t\t\t\t\t>\n\t\t\t\t\t\t<div class=\"ngg-gallery-thumbnail\">\n\t\t\t<a href=\"https:\/\/zskarlaiv.cz\/wp-content\/gallery\/modelar\/DSC_0089-Large.JPG\"\n\t\t\t\ttitle=\" \"\n\t\t\t\tdata-src=\"https:\/\/zskarlaiv.cz\/wp-content\/gallery\/modelar\/DSC_0089-Large.JPG\"\n\t\t\t\tdata-thumbnail=\"https:\/\/zskarlaiv.cz\/wp-content\/gallery\/modelar\/thumbs\/thumbs_DSC_0089-Large.JPG\"\n\t\t\t\tdata-image-id=\"15701\"\n\t\t\t\tdata-title=\"DSC_0089 (Large)\"\n\t\t\t\tdata-description=\" \"\n\t\t\t\tdata-image-slug=\"dsc_0089-large-1\"\n\t\t\t\tclass=\"shutterset_f04f70f4e77531117636f9eb5c731a95\">\n\t\t\t\t<img\n\t\t\t\t\ttitle=\"DSC_0089 (Large)\"\n\t\t\t\t\talt=\"DSC_0089 (Large)\"\n\t\t\t\t\tsrc=\"https:\/\/zskarlaiv.cz\/wp-content\/gallery\/modelar\/thumbs\/thumbs_DSC_0089-Large.JPG\"\n\t\t\t\t\twidth=\"100\"\n\t\t\t\t\theight=\"75\"\n\t\t\t\t\tstyle=\"max-width:100%;\"\n\t\t\t\t\/>\n\t\t\t<\/a>\n\t\t<\/div>\n\t\t\t\t\t\t\t<\/div>\n\t\t\t\n\t\t\n\t\t\t\t<div id=\"ngg-image-12\" class=\"ngg-gallery-thumbnail-box\"\n\t\t\t\t\t\t\t\t\t\t\t>\n\t\t\t\t\t\t<div class=\"ngg-gallery-thumbnail\">\n\t\t\t<a href=\"https:\/\/zskarlaiv.cz\/wp-content\/gallery\/modelar\/DSC_0091-Large.JPG\"\n\t\t\t\ttitle=\" \"\n\t\t\t\tdata-src=\"https:\/\/zskarlaiv.cz\/wp-content\/gallery\/modelar\/DSC_0091-Large.JPG\"\n\t\t\t\tdata-thumbnail=\"https:\/\/zskarlaiv.cz\/wp-content\/gallery\/modelar\/thumbs\/thumbs_DSC_0091-Large.JPG\"\n\t\t\t\tdata-image-id=\"15702\"\n\t\t\t\tdata-title=\"DSC_0091 (Large)\"\n\t\t\t\tdata-description=\" \"\n\t\t\t\tdata-image-slug=\"dsc_0091-large-1\"\n\t\t\t\tclass=\"shutterset_f04f70f4e77531117636f9eb5c731a95\">\n\t\t\t\t<img\n\t\t\t\t\ttitle=\"DSC_0091 (Large)\"\n\t\t\t\t\talt=\"DSC_0091 (Large)\"\n\t\t\t\t\tsrc=\"https:\/\/zskarlaiv.cz\/wp-content\/gallery\/modelar\/thumbs\/thumbs_DSC_0091-Large.JPG\"\n\t\t\t\t\twidth=\"100\"\n\t\t\t\t\theight=\"75\"\n\t\t\t\t\tstyle=\"max-width:100%;\"\n\t\t\t\t\/>\n\t\t\t<\/a>\n\t\t<\/div>\n\t\t\t\t\t\t\t<\/div>\n\t\t\t\n\t\t\n\t\t\n\t\t<!-- Pagination -->\n\t\t<div class='ngg-clear'><\/div>\t<\/div>\n<\/p>\n","protected":false},"excerpt":{"rendered":"<p>[Show as slideshow]<\/p>\n","protected":false},"author":1,"featured_media":0,"parent":0,"menu_order":0,"comment_status":"closed","ping_status":"open","template":"","meta":{"ngg_post_thumbnail":0,"footnotes":""},"class_list":["post-4615","page","type-page","status-publish","hentry"],"_links":{"self":[{"href":"https:\/\/zskarlaiv.cz\/index.php?rest_route=\/wp\/v2\/pages\/4615","targetHints":{"allow":["GET"]}}],"collection":[{"href":"https:\/\/zskarlaiv.cz\/index.php?rest_route=\/wp\/v2\/pages"}],"about":[{"href":"https:\/\/zskarlaiv.cz\/index.php?rest_route=\/wp\/v2\/types\/page"}],"author":[{"embeddable":true,"href":"https:\/\/zskarlaiv.cz\/index.php?rest_route=\/wp\/v2\/users\/1"}],"replies":[{"embeddable":true,"href":"https:\/\/zskarlaiv.cz\/index.php?rest_route=%2Fwp%2Fv2%2Fcomments&post=4615"}],"version-history":[{"count":1,"href":"https:\/\/zskarlaiv.cz\/index.php?rest_route=\/wp\/v2\/pages\/4615\/revisions"}],"predecessor-version":[{"id":4617,"href":"https:\/\/zskarlaiv.cz\/index.php?rest_route=\/wp\/v2\/pages\/4615\/revisions\/4617"}],"wp:attachment":[{"href":"https:\/\/zskarlaiv.cz\/index.php?rest_route=%2Fwp%2Fv2%2Fmedia&parent=4615"}],"curies":[{"name":"wp","href":"https:\/\/api.w.org\/{rel}","templated":true}]}}