{"id":25992,"date":"2022-01-26T19:47:30","date_gmt":"2022-01-26T19:47:30","guid":{"rendered":"http:\/\/zskarlaiv.cz\/?page_id=25992"},"modified":"2022-01-27T10:18:48","modified_gmt":"2022-01-27T10:18:48","slug":"elektronicka-zakovska-knizka","status":"publish","type":"page","link":"https:\/\/zskarlaiv.cz\/?page_id=25992","title":{"rendered":"E-\u017e\u00e1kovsk\u00e1 kn\u00ed\u017eka"},"content":{"rendered":"<div><b><span style=\"font-size: x-large;\"><span style=\"color: #4f81bd; font-size: large;\"><img decoding=\"async\" src=\"https:\/\/www.skolaonline.cz\/Portals\/www\/Images\/header-logo.png?ver=2016-08-10-174052-233\" alt=\"\u0160kola OnLine\"><\/span><\/span><\/b><\/div>\n<div><b><span style=\"font-size: x-large;\"><span style=\"color: #4f81bd; font-size: large;\">K \u010demu slou\u017e\u00ed aplikace \u017d\u00e1kovsk\u00e1?<\/span><\/span><\/b><\/div>\n<div>Aplikace&nbsp;<b>\u017d\u00e1kovsk\u00e1<\/b>&nbsp;je sou\u010d\u00e1st\u00ed \u0161kolsk\u00e9ho informa\u010dn\u00edho syst\u00e9mu&nbsp;<b>\u0160kola OnLine<\/b> a je ur\u010den\u00e1 rodi\u010d\u016fm a \u017e\u00e1k\u016fm z\u00e1kladn\u00edch, st\u0159edn\u00edch a vy\u0161\u0161\u00edch odborn\u00fdch \u0161kol. Umo\u017e\u0148uje jim zdarma jednoduch\u00fd, bezpe\u010dn\u00fd a rychl\u00fd p\u0159\u00edstup k informac\u00edm o jejich doch\u00e1zce, prosp\u011bchu a dal\u0161\u00edch aktivit\u00e1ch.<\/div>\n<div><b><span style=\"font-size: x-large;\"><span style=\"color: #4f81bd; font-size: large;\">Hlavn\u00ed funkce aplikace \u017d\u00e1kovsk\u00e1*:<\/span><\/span><\/b><\/div>\n<div>\u00b7&nbsp;&nbsp;&nbsp;&nbsp;&nbsp;&nbsp;pr\u016fb\u011b\u017en\u00e1 kontrola d\u00edl\u010d\u00edch zn\u00e1mek a&nbsp;celkov\u00e9ho hodnocen\u00ed d\u00edt\u011bte v\u010detn\u011b chov\u00e1n\u00ed<\/div>\n<div>\u00b7&nbsp;&nbsp;&nbsp;&nbsp;&nbsp;&nbsp;dozor nad doch\u00e1zkou a&nbsp;absenc\u00ed d\u00edt\u011bte ve v\u00fduce<\/div>\n<div>\u00b7&nbsp;&nbsp;&nbsp;&nbsp;&nbsp;&nbsp;informace o&nbsp;rozvrhu a&nbsp;suplov\u00e1n\u00ed<\/div>\n<div>\u00b7&nbsp;&nbsp;&nbsp;&nbsp;&nbsp;&nbsp;p\u0159ehled probran\u00e9ho u\u010diva<\/div>\n<div>\u00b7&nbsp;&nbsp;&nbsp;&nbsp;&nbsp;&nbsp;mo\u017enost elektronicky omlouvat absenci d\u00edt\u011bte<\/div>\n<div>\u00b7&nbsp;&nbsp;&nbsp;&nbsp;&nbsp;&nbsp;elektronick\u00e1 komunikace mezi \u017e\u00e1kem\/z\u00e1konn\u00fdm z\u00e1stupcem a&nbsp;u\u010ditelem<\/div>\n<div>\u00b7&nbsp;&nbsp;&nbsp;&nbsp;&nbsp;&nbsp;p\u0159\u00edstup k&nbsp;elektronick\u00fdm materi\u00e1l\u016fm a&nbsp;mo\u017enost jejich stahov\u00e1n\u00ed<\/div>\n<div>\u00b7&nbsp;&nbsp;&nbsp;&nbsp;&nbsp;&nbsp;a mnoho dal\u0161\u00edho<\/div>\n<div>&nbsp;<\/div>\n<h1><span style=\"color: #99cc00;\">Registrace \u017e\u00e1k\u016f prob\u00edh\u00e1 ve \u0161kole.<\/span><\/h1>\n<h3><a href=\"http:\/\/zskarlaiv.cz\/?page_id=25996\"><span style=\"color: #3366ff;\">Registrace rodi\u010d\u016f<\/span><\/a><br><span style=\"color: #3366ff;\"><a style=\"color: #3366ff;\" href=\"http:\/\/zskarlaiv.cz\/?page_id=25998\">P\u0159ihl\u00e1\u0161en\u00ed \u017e\u00e1k\u016f a rodi\u010d\u016f<\/a><\/span><\/h3>\n<p>&nbsp;<\/p>\n<p>*n\u011bkter\u00e9 funkce aplikace nemus\u00ed b\u00fdt je\u0161t\u011b aktivn\u00ed. Vzhledem k p\u0159echodu na e-\u017e\u00e1kovskou, plat\u00ed pro 2. pololet\u00ed \u0161k. r. 2021\/2022 ob\u011b varianty \u017dK, tedy pap\u00edrov\u00e1 i elektronick\u00e1.<\/p>\n\n\n<p><\/p>\n","protected":false},"excerpt":{"rendered":"<p>K \u010demu slou\u017e\u00ed aplikace \u017d\u00e1kovsk\u00e1? Aplikace&nbsp;\u017d\u00e1kovsk\u00e1&nbsp;je sou\u010d\u00e1st\u00ed \u0161kolsk\u00e9ho informa\u010dn\u00edho syst\u00e9mu&nbsp;\u0160kola OnLine a je ur\u010den\u00e1 rodi\u010d\u016fm a \u017e\u00e1k\u016fm z\u00e1kladn\u00edch, st\u0159edn\u00edch a vy\u0161\u0161\u00edch odborn\u00fdch \u0161kol. Umo\u017e\u0148uje jim zdarma jednoduch\u00fd, bezpe\u010dn\u00fd a rychl\u00fd p\u0159\u00edstup k informac\u00edm o jejich doch\u00e1zce, prosp\u011bchu a dal\u0161\u00edch aktivit\u00e1ch. Hlavn\u00ed funkce aplikace \u017d\u00e1kovsk\u00e1*: \u00b7&nbsp;&nbsp;&nbsp;&nbsp;&nbsp;&nbsp;pr\u016fb\u011b\u017en\u00e1 kontrola d\u00edl\u010d\u00edch zn\u00e1mek a&nbsp;celkov\u00e9ho hodnocen\u00ed d\u00edt\u011bte v\u010detn\u011b chov\u00e1n\u00ed \u00b7&nbsp;&nbsp;&nbsp;&nbsp;&nbsp;&nbsp;dozor nad <a class=\"read-more\" href=\"https:\/\/zskarlaiv.cz\/?page_id=25992\">\u010c\u00edst d\u00e1le&#8230;<\/a><\/p>\n","protected":false},"author":1,"featured_media":0,"parent":0,"menu_order":0,"comment_status":"closed","ping_status":"closed","template":"","meta":{"ngg_post_thumbnail":0,"footnotes":""},"class_list":["post-25992","page","type-page","status-publish","hentry"],"_links":{"self":[{"href":"https:\/\/zskarlaiv.cz\/index.php?rest_route=\/wp\/v2\/pages\/25992","targetHints":{"allow":["GET"]}}],"collection":[{"href":"https:\/\/zskarlaiv.cz\/index.php?rest_route=\/wp\/v2\/pages"}],"about":[{"href":"https:\/\/zskarlaiv.cz\/index.php?rest_route=\/wp\/v2\/types\/page"}],"author":[{"embeddable":true,"href":"https:\/\/zskarlaiv.cz\/index.php?rest_route=\/wp\/v2\/users\/1"}],"replies":[{"embeddable":true,"href":"https:\/\/zskarlaiv.cz\/index.php?rest_route=%2Fwp%2Fv2%2Fcomments&post=25992"}],"version-history":[{"count":4,"href":"https:\/\/zskarlaiv.cz\/index.php?rest_route=\/wp\/v2\/pages\/25992\/revisions"}],"predecessor-version":[{"id":26010,"href":"https:\/\/zskarlaiv.cz\/index.php?rest_route=\/wp\/v2\/pages\/25992\/revisions\/26010"}],"wp:attachment":[{"href":"https:\/\/zskarlaiv.cz\/index.php?rest_route=%2Fwp%2Fv2%2Fmedia&parent=25992"}],"curies":[{"name":"wp","href":"https:\/\/api.w.org\/{rel}","templated":true}]}}