{"id":25451,"date":"2021-01-09T18:16:37","date_gmt":"2021-01-09T18:16:37","guid":{"rendered":"http:\/\/zskarlaiv.cz\/?page_id=25451"},"modified":"2025-04-02T08:32:18","modified_gmt":"2025-04-02T08:32:18","slug":"stravovani","status":"publish","type":"page","link":"https:\/\/zskarlaiv.cz\/?page_id=25451","title":{"rendered":"Stravov\u00e1n\u00ed"},"content":{"rendered":"<p style=\"text-align: right;\"><strong><span style=\"color: #ff0000; font-size: 14px;\">Vedouc\u00ed \u0161koln\u00ed j\u00eddelny:&nbsp;<span style=\"color: #000000;\">Bedn\u00e1\u0159ov\u00e1 Ji\u0159ina<\/span><\/span><\/strong><\/p>\n<p style=\"text-align: right;\"><strong><span style=\"color: #ff0000; font-size: 14px;\">Hlavn\u00ed kucha\u0159ka:&nbsp;<span style=\"color: #000000;\">\u0160tup\u00e1kov\u00e1 Kate\u0159ina<\/span><\/span><\/strong><\/p>\n<p style=\"text-align: right;\"><span style=\"color: #ff0000;\">tel:<\/span>&nbsp;475530740<\/p>\n<p>&nbsp;<\/p>\n<p style=\"text-align: right;\"><span style=\"color: #000000;\"><span style=\"font-size: 14px;\"><strong>Provozn\u00ed doba:<\/strong>&nbsp;&nbsp;<\/span> <span style=\"color: #ff0000;\"><strong>6:00 &#8211; 14:30<\/strong><\/span><\/span><\/p>\n<h2 style=\"text-align: left;\"><span style=\"color: #000000;\"><br \/>\n<\/span><span style=\"color: #ff0000;\"><strong>V\u00fddejn\u00ed doba:<\/strong><\/span><\/h2>\n<h3 style=\"text-align: left;\"><span style=\"color: #000000;\">\u017e\u00e1ci a zam\u011bstnanci:&nbsp; <span style=\"color: #ff0000;\">11:45 \u2013 14:00<\/span> (ve v\u00fdjime\u010dn\u00fdch&nbsp; p\u0159\u00edpadech od 11:00)<br \/>\nostatn\u00ed str\u00e1vn\u00edci:&nbsp;&nbsp;&nbsp;&nbsp;&nbsp;<span style=\"color: #ff0000;\">&nbsp;&nbsp; 11:00 \u2013 11:45<\/span><\/span><strong><span style=\"text-decoration: underline;\"><br \/>\n<\/span><\/strong><\/h3>\n<h3 style=\"text-align: left;\"><strong><span style=\"color: #ff0000;\">&nbsp;<\/span><br \/>\nodhl\u00e1\u0161ky na telefon : 702168192&nbsp; p\u0159\u00edmo j\u00eddelna<\/strong><\/h3>\n<p>&nbsp;<\/p>\n<table border=\"0\" width=\"400\">\n<tbody>\n<tr>\n<td><strong>&nbsp;Kategorie<\/strong><\/td>\n<td><strong>&nbsp;V\u011bk&nbsp;<\/strong><\/td>\n<td><strong>&nbsp;Cena&nbsp;<\/strong><\/td>\n<\/tr>\n<tr>\n<td>&nbsp;I. stupe\u0148<\/td>\n<td>&nbsp;&nbsp; 7 &#8211; 10 let<\/td>\n<td>32 K\u010d<\/td>\n<\/tr>\n<tr>\n<td>&nbsp;II. stupe\u0148 *<\/td>\n<td>&nbsp;11 &#8211; 14 let<\/td>\n<td>32 K\u010d<\/td>\n<\/tr>\n<tr>\n<td>&nbsp;9. ro\u010dn\u00edk<\/td>\n<td>&nbsp;15 &#8211; 18 let<\/td>\n<td>33 K\u010d<\/td>\n<\/tr>\n<tr>\n<td>&nbsp;Ciz\u00ed str\u00e1vn\u00edci<\/td>\n<td>&nbsp;<\/td>\n<td>63 K\u010d<\/td>\n<\/tr>\n<\/tbody>\n<\/table>\n<p>* Cena plat\u00ed ji\u017e od 5. t\u0159\u00eddy bez ohledu dovr\u0161en\u00ed 11 let v pr\u016fb\u011bhu \u0161k. roku.<\/p>\n<p>Stop obezit\u011b<\/p>\n<iframe src=\"\/\/docs.google.com\/viewer?url=http%3A%2F%2Fzskarlaiv.cz%2Fwp-content%2Fuploads%2F2015%2F10%2Fjidelna.pdf&hl=cs&embedded=true\" class=\"gde-frame\" style=\"width:100%; height:500px; border: none;\" scrolling=\"no\"><\/iframe>\n<p class=\"gde-text\"><a href=\"http:\/\/zskarlaiv.cz\/wp-content\/uploads\/2015\/10\/jidelna.pdf\" class=\"gde-link\">St\u00e1hnout (PDF, 876KB)<\/a><\/p>\n","protected":false},"excerpt":{"rendered":"<p>Vedouc\u00ed \u0161koln\u00ed j\u00eddelny:&nbsp;Bedn\u00e1\u0159ov\u00e1 Ji\u0159ina Hlavn\u00ed kucha\u0159ka:&nbsp;\u0160tup\u00e1kov\u00e1 Kate\u0159ina tel:&nbsp;475530740 &nbsp; Provozn\u00ed doba:&nbsp;&nbsp; 6:00 &#8211; 14:30 V\u00fddejn\u00ed doba: \u017e\u00e1ci a zam\u011bstnanci:&nbsp; 11:45 \u2013 14:00 (ve v\u00fdjime\u010dn\u00fdch&nbsp; p\u0159\u00edpadech od 11:00) ostatn\u00ed str\u00e1vn\u00edci:&nbsp;&nbsp;&nbsp;&nbsp;&nbsp;&nbsp;&nbsp; 11:00 \u2013 11:45 &nbsp; odhl\u00e1\u0161ky na telefon : 702168192&nbsp; p\u0159\u00edmo j\u00eddelna &nbsp; &nbsp;Kategorie &nbsp;V\u011bk&nbsp; &nbsp;Cena&nbsp; &nbsp;I. stupe\u0148 &nbsp;&nbsp; 7 &#8211; 10 let 32 K\u010d &nbsp;II. stupe\u0148 <a class=\"read-more\" href=\"https:\/\/zskarlaiv.cz\/?page_id=25451\">\u010c\u00edst d\u00e1le&#8230;<\/a><\/p>\n","protected":false},"author":1,"featured_media":0,"parent":0,"menu_order":0,"comment_status":"closed","ping_status":"closed","template":"","meta":{"ngg_post_thumbnail":0,"footnotes":""},"class_list":["post-25451","page","type-page","status-publish","hentry"],"_links":{"self":[{"href":"https:\/\/zskarlaiv.cz\/index.php?rest_route=\/wp\/v2\/pages\/25451","targetHints":{"allow":["GET"]}}],"collection":[{"href":"https:\/\/zskarlaiv.cz\/index.php?rest_route=\/wp\/v2\/pages"}],"about":[{"href":"https:\/\/zskarlaiv.cz\/index.php?rest_route=\/wp\/v2\/types\/page"}],"author":[{"embeddable":true,"href":"https:\/\/zskarlaiv.cz\/index.php?rest_route=\/wp\/v2\/users\/1"}],"replies":[{"embeddable":true,"href":"https:\/\/zskarlaiv.cz\/index.php?rest_route=%2Fwp%2Fv2%2Fcomments&post=25451"}],"version-history":[{"count":6,"href":"https:\/\/zskarlaiv.cz\/index.php?rest_route=\/wp\/v2\/pages\/25451\/revisions"}],"predecessor-version":[{"id":36830,"href":"https:\/\/zskarlaiv.cz\/index.php?rest_route=\/wp\/v2\/pages\/25451\/revisions\/36830"}],"wp:attachment":[{"href":"https:\/\/zskarlaiv.cz\/index.php?rest_route=%2Fwp%2Fv2%2Fmedia&parent=25451"}],"curies":[{"name":"wp","href":"https:\/\/api.w.org\/{rel}","templated":true}]}}