{"id":25447,"date":"2021-01-09T18:16:09","date_gmt":"2021-01-09T18:16:09","guid":{"rendered":"http:\/\/zskarlaiv.cz\/?page_id=25447"},"modified":"2021-01-09T18:47:08","modified_gmt":"2021-01-09T18:47:08","slug":"po-skole","status":"publish","type":"page","link":"https:\/\/zskarlaiv.cz\/?page_id=25447","title":{"rendered":"Po \u0161kole"},"content":{"rendered":"<p><a href=\"http:\/\/zskarlaiv.cz\/?page_id=621\">\u0160koln\u00ed dru\u017eina<\/a><\/p>\n<p><a href=\"http:\/\/zskarlaiv.cz\/?page_id=44\">Krou\u017eky<\/a><\/p>\n","protected":false},"excerpt":{"rendered":"<p>\u0160koln\u00ed dru\u017eina Krou\u017eky<\/p>\n","protected":false},"author":1,"featured_media":0,"parent":0,"menu_order":0,"comment_status":"closed","ping_status":"closed","template":"","meta":{"ngg_post_thumbnail":0,"footnotes":""},"class_list":["post-25447","page","type-page","status-publish","hentry"],"_links":{"self":[{"href":"https:\/\/zskarlaiv.cz\/index.php?rest_route=\/wp\/v2\/pages\/25447","targetHints":{"allow":["GET"]}}],"collection":[{"href":"https:\/\/zskarlaiv.cz\/index.php?rest_route=\/wp\/v2\/pages"}],"about":[{"href":"https:\/\/zskarlaiv.cz\/index.php?rest_route=\/wp\/v2\/types\/page"}],"author":[{"embeddable":true,"href":"https:\/\/zskarlaiv.cz\/index.php?rest_route=\/wp\/v2\/users\/1"}],"replies":[{"embeddable":true,"href":"https:\/\/zskarlaiv.cz\/index.php?rest_route=%2Fwp%2Fv2%2Fcomments&post=25447"}],"version-history":[{"count":2,"href":"https:\/\/zskarlaiv.cz\/index.php?rest_route=\/wp\/v2\/pages\/25447\/revisions"}],"predecessor-version":[{"id":25465,"href":"https:\/\/zskarlaiv.cz\/index.php?rest_route=\/wp\/v2\/pages\/25447\/revisions\/25465"}],"wp:attachment":[{"href":"https:\/\/zskarlaiv.cz\/index.php?rest_route=%2Fwp%2Fv2%2Fmedia&parent=25447"}],"curies":[{"name":"wp","href":"https:\/\/api.w.org\/{rel}","templated":true}]}}