{"id":25444,"date":"2021-01-09T17:33:23","date_gmt":"2021-01-09T17:33:23","guid":{"rendered":"http:\/\/zskarlaiv.cz\/?page_id=25444"},"modified":"2021-01-09T18:44:53","modified_gmt":"2021-01-09T18:44:53","slug":"rodice","status":"publish","type":"page","link":"https:\/\/zskarlaiv.cz\/?page_id=25444","title":{"rendered":"Rodi\u010de"},"content":{"rendered":"<p><a href=\"http:\/\/zskarlaiv.cz\/?cat=132\">Pro rodi\u010de<\/a><\/p>\n<p><a href=\"http:\/\/zskarlaiv.cz\/?cat=133\">Stalo se<\/a><\/p>\n<p><a href=\"http:\/\/zskarlaiv.cz\/?page_id=696\">Ke sta\u017een\u00ed<\/a><\/p>\n","protected":false},"excerpt":{"rendered":"<p>Pro rodi\u010de Stalo se Ke sta\u017een\u00ed<\/p>\n","protected":false},"author":1,"featured_media":0,"parent":0,"menu_order":0,"comment_status":"closed","ping_status":"closed","template":"","meta":{"ngg_post_thumbnail":0,"footnotes":""},"class_list":["post-25444","page","type-page","status-publish","hentry"],"_links":{"self":[{"href":"https:\/\/zskarlaiv.cz\/index.php?rest_route=\/wp\/v2\/pages\/25444","targetHints":{"allow":["GET"]}}],"collection":[{"href":"https:\/\/zskarlaiv.cz\/index.php?rest_route=\/wp\/v2\/pages"}],"about":[{"href":"https:\/\/zskarlaiv.cz\/index.php?rest_route=\/wp\/v2\/types\/page"}],"author":[{"embeddable":true,"href":"https:\/\/zskarlaiv.cz\/index.php?rest_route=\/wp\/v2\/users\/1"}],"replies":[{"embeddable":true,"href":"https:\/\/zskarlaiv.cz\/index.php?rest_route=%2Fwp%2Fv2%2Fcomments&post=25444"}],"version-history":[{"count":2,"href":"https:\/\/zskarlaiv.cz\/index.php?rest_route=\/wp\/v2\/pages\/25444\/revisions"}],"predecessor-version":[{"id":25463,"href":"https:\/\/zskarlaiv.cz\/index.php?rest_route=\/wp\/v2\/pages\/25444\/revisions\/25463"}],"wp:attachment":[{"href":"https:\/\/zskarlaiv.cz\/index.php?rest_route=%2Fwp%2Fv2%2Fmedia&parent=25444"}],"curies":[{"name":"wp","href":"https:\/\/api.w.org\/{rel}","templated":true}]}}