{"id":17249,"date":"2017-01-16T08:57:09","date_gmt":"2017-01-16T08:57:09","guid":{"rendered":"http:\/\/zskarlaiv.cz\/?page_id=17249"},"modified":"2025-10-30T19:47:40","modified_gmt":"2025-10-30T19:47:40","slug":"vychovny-poradce","status":"publish","type":"page","link":"https:\/\/zskarlaiv.cz\/?page_id=17249","title":{"rendered":"\u0160koln\u00ed poradensk\u00e9 centrum"},"content":{"rendered":"<table>\n<tbody>\n<tr>\n<td><span style=\"text-decoration: underline;\"><span style=\"font-weight: 400;\">V\u00fdchovn\u00fd poradce:<\/span><\/span><\/p>\n<p><b>Mgr. Pavla Kuncov\u00e1<\/b><\/p>\n<p><b><i>Kontakt:<\/i><\/b><b><i><br \/>\n<\/i><\/b> <a href=\"mailto:Kuncova.P@zskarlaiv.cz\"><span style=\"font-weight: 400;\">Kuncova.P@zskarlaiv.cz<\/span><\/a><\/p>\n<p><b><i>Konzulta\u010dn\u00ed hodiny:<\/i><\/b><b><i><br \/>\n<\/i><\/b><span style=\"font-weight: 400;\">dle p\u0159edchoz\u00ed e-mailov\u00e9 dohody<\/span><\/td>\n<td><span style=\"text-decoration: underline;\"><span style=\"font-weight: 400;\">Soci\u00e1ln\u00ed pedagog:<\/span><\/span><\/p>\n<p><b>Mgr. Gabriela Zeman<\/b><\/p>\n<p><b><i>Kontakt:<\/i><\/b><b><i><br \/>\n<\/i><\/b> <a href=\"mailto:Zeman.g@zskarlaiv.cz\"><span style=\"font-weight: 400;\">Zeman.g@zskarlaiv.cz<\/span><\/a><\/p>\n<p><b><i>Konzulta\u010dn\u00ed hodiny:<\/i><\/b><b><i><br \/>\n<\/i><\/b><span style=\"font-weight: 400;\">dle p\u0159edchoz\u00ed e-mailov\u00e9 dohody<\/span><\/td>\n<td><span style=\"text-decoration: underline;\"><span style=\"font-weight: 400;\">Speci\u00e1ln\u00ed pedagog:<\/span><\/span><\/p>\n<p><b>Mgr. Simona Bohdanov\u00e1<\/b><\/p>\n<p><b><i>Kontakt:<\/i><\/b><b><i><br \/>\n<\/i><\/b><a href=\"mailto:Bohdanova.S@zskarlaiv.cz\"><i><span style=\"font-weight: 400;\">Bohdanova.S@zskarlaiv.cz<\/span><\/i><\/a><\/p>\n<p><b><i>Konzulta\u010dn\u00ed hodiny:<\/i><\/b><b><i><br \/>\n<\/i><\/b><span style=\"font-weight: 400;\">dle p\u0159edchoz\u00ed e-mailov\u00e9 dohody<\/span><\/td>\n<\/tr>\n<tr>\n<td>&nbsp;<\/td>\n<td>&nbsp;<\/td>\n<td>&nbsp;<\/td>\n<\/tr>\n<tr>\n<td><span style=\"text-decoration: underline;\"><span style=\"font-weight: 400;\">Kari\u00e9rn\u00ed poradce:<\/span><\/span><\/p>\n<p><b>Mgr. Zimov\u00e1 V\u011bra<\/b><\/p>\n<p><b>Bc. Krbcov\u00e1 Radka<\/b><\/p>\n<p><b><i>Kontakt:<\/i><\/b><b><i><br \/>\n<\/i><\/b><a href=\"mailto:Zimova.V@zskarlaiv.cz\"><i><span style=\"font-weight: 400;\">Zimova.V@zskarlaiv.cz<\/span><\/i><\/a><\/p>\n<p><a href=\"mailto:Krbcova.R@zskarlaiv.cz\"><i><span style=\"font-weight: 400;\">Krbcova.R@zskarlaiv.cz<\/span><\/i><\/a><\/p>\n<p><b><i>Konzulta\u010dn\u00ed hodiny:<\/i><\/b><b><i><br \/>\n<\/i><\/b><span style=\"font-weight: 400;\">dle p\u0159edchoz\u00ed e-mailov\u00e9 dohody<\/span><\/td>\n<td><span style=\"text-decoration: underline;\">\u0160koln\u00ed metodik prim\u00e1rn\u00ed prevence<\/span><\/p>\n<p><strong>Mgr.Petra Sedleck\u00e1<\/strong><\/p>\n<p><b><i>Kontakt:<\/i><\/b><b><i><br \/>\n<\/i><\/b><a href=\"mailto:Sedlecka.P@zskarlaiv.cz\"><i><span style=\"font-weight: 400;\">Sedlecka.P@zskarlaiv.cz<\/span><\/i><\/a><\/p>\n<p><b><i>Konzulta\u010dn\u00ed hodiny:<\/i><\/b><b><i><br \/>\n<\/i><\/b><span style=\"font-weight: 400;\">dle p\u0159edchoz\u00ed e-mailov\u00e9 dohody<\/span><\/td>\n<td>&nbsp;<\/td>\n<\/tr>\n<\/tbody>\n<\/table>\n<p>&nbsp;<\/p>\n","protected":false},"excerpt":{"rendered":"<p>V\u00fdchovn\u00fd poradce: Mgr. Pavla Kuncov\u00e1 Kontakt: Kuncova.P@zskarlaiv.cz Konzulta\u010dn\u00ed hodiny: dle p\u0159edchoz\u00ed e-mailov\u00e9 dohody Soci\u00e1ln\u00ed pedagog: Mgr. Gabriela Zeman Kontakt: Zeman.g@zskarlaiv.cz Konzulta\u010dn\u00ed hodiny: dle p\u0159edchoz\u00ed e-mailov\u00e9 dohody Speci\u00e1ln\u00ed pedagog: Mgr. Simona Bohdanov\u00e1 Kontakt: Bohdanova.S@zskarlaiv.cz Konzulta\u010dn\u00ed hodiny: dle p\u0159edchoz\u00ed e-mailov\u00e9 dohody &nbsp; &nbsp; &nbsp; Kari\u00e9rn\u00ed poradce: Mgr. Zimov\u00e1 V\u011bra Bc. Krbcov\u00e1 Radka Kontakt: Zimova.V@zskarlaiv.cz Krbcova.R@zskarlaiv.cz Konzulta\u010dn\u00ed hodiny: <a class=\"read-more\" href=\"https:\/\/zskarlaiv.cz\/?page_id=17249\">\u010c\u00edst d\u00e1le&#8230;<\/a><\/p>\n","protected":false},"author":1,"featured_media":0,"parent":0,"menu_order":0,"comment_status":"closed","ping_status":"open","template":"","meta":{"ngg_post_thumbnail":0,"footnotes":""},"class_list":["post-17249","page","type-page","status-publish","hentry"],"_links":{"self":[{"href":"https:\/\/zskarlaiv.cz\/index.php?rest_route=\/wp\/v2\/pages\/17249","targetHints":{"allow":["GET"]}}],"collection":[{"href":"https:\/\/zskarlaiv.cz\/index.php?rest_route=\/wp\/v2\/pages"}],"about":[{"href":"https:\/\/zskarlaiv.cz\/index.php?rest_route=\/wp\/v2\/types\/page"}],"author":[{"embeddable":true,"href":"https:\/\/zskarlaiv.cz\/index.php?rest_route=\/wp\/v2\/users\/1"}],"replies":[{"embeddable":true,"href":"https:\/\/zskarlaiv.cz\/index.php?rest_route=%2Fwp%2Fv2%2Fcomments&post=17249"}],"version-history":[{"count":11,"href":"https:\/\/zskarlaiv.cz\/index.php?rest_route=\/wp\/v2\/pages\/17249\/revisions"}],"predecessor-version":[{"id":38908,"href":"https:\/\/zskarlaiv.cz\/index.php?rest_route=\/wp\/v2\/pages\/17249\/revisions\/38908"}],"wp:attachment":[{"href":"https:\/\/zskarlaiv.cz\/index.php?rest_route=%2Fwp%2Fv2%2Fmedia&parent=17249"}],"curies":[{"name":"wp","href":"https:\/\/api.w.org\/{rel}","templated":true}]}}