{"id":1671,"date":"2012-10-17T08:52:23","date_gmt":"2012-10-17T08:52:23","guid":{"rendered":"http:\/\/zskarlaiv.cz\/?page_id=1671"},"modified":"2012-10-17T08:52:23","modified_gmt":"2012-10-17T08:52:23","slug":"80-vyroci","status":"publish","type":"page","link":"https:\/\/zskarlaiv.cz\/?page_id=1671","title":{"rendered":"80. v\u00fdro\u010d\u00ed"},"content":{"rendered":"<p>\u0160koln\u00ed \u010dasopisy<\/p>\n<p>V roce 80. v\u00fdro\u010d\u00ed zalo\u017een\u00ed \u0161koly jsme z\u00edskali zaj\u00edmav\u00fd historick\u00fd artefakt. B\u00fdval\u00e1 \u017e\u00e1kyn\u011b na\u0161\u00ed \u0161koly, pan\u00ed R\u016f\u017eena Schweizerov\u00e1, n\u00e1m darovala \u0161koln\u00ed \u010dasopisy ze 40. a 50. let minul\u00e9ho stolet\u00ed \u2013 \u0160kola hovo\u0159\u00ed a Mlad\u00fd budovatel.<\/p>\n<p>\u0160kola hovo\u0159\u00ed \u010d.1-2 <a href=\"http:\/\/zskarlaiv.cz\/wp-content\/uploads\/2012\/06\/\u0160kola-hovo\u0159\u00ed-\u010d.-1-2.pdf\" target=\"_blank\"><img decoding=\"async\" class=\"alignnone size-full wp-image-1142\" title=\"ikon_pdf\" src=\"http:\/\/zskarlaiv.cz\/wp-content\/uploads\/2012\/02\/ikon_pdf-e1329416520935.jpg\" alt=\"\" width=\"40\" height=\"40\" \/><\/a><\/p>\n<p>\u0160kola hovo\u0159\u00ed \u010d. 3 <a href=\"http:\/\/zskarlaiv.cz\/wp-content\/uploads\/2012\/06\/\u0160kola-hovo\u0159\u00ed-\u010d.3.pdf\" target=\"_blank\"><img decoding=\"async\" title=\"ikon_pdf\" src=\"http:\/\/zskarlaiv.cz\/wp-content\/uploads\/2012\/02\/ikon_pdf-e1329416520935.jpg\" alt=\"\" width=\"40\" height=\"40\" \/><\/a><\/p>\n<p>\u0160kola hovo\u0159\u00ed \u010d.4 <a href=\"http:\/\/zskarlaiv.cz\/wp-content\/uploads\/2012\/06\/\u0160kola-hovo\u0159\u00ed-\u010d.4.pdf\" target=\"_blank\"><img decoding=\"async\" title=\"ikon_pdf\" src=\"http:\/\/zskarlaiv.cz\/wp-content\/uploads\/2012\/02\/ikon_pdf-e1329416520935.jpg\" alt=\"\" width=\"40\" height=\"40\" \/><\/a><\/p>\n<p>\u0160kola hovo\u0159\u00ed \u010d.5 <a href=\"http:\/\/zskarlaiv.cz\/wp-content\/uploads\/2012\/06\/\u0160kola-hovo\u0159\u00ed-\u010d.5.pdf\" target=\"_blank\"><img decoding=\"async\" title=\"ikon_pdf\" src=\"http:\/\/zskarlaiv.cz\/wp-content\/uploads\/2012\/02\/ikon_pdf-e1329416520935.jpg\" alt=\"\" width=\"40\" height=\"40\" \/><\/a><\/p>\n<p>\u0160kola hovo\u0159\u00ed \u010d.6 <a href=\"http:\/\/zskarlaiv.cz\/wp-content\/uploads\/2012\/06\/\u0160kola-hovo\u0159\u00ed-\u010d.6.pdf\" target=\"_blank\"><img decoding=\"async\" title=\"ikon_pdf\" src=\"http:\/\/zskarlaiv.cz\/wp-content\/uploads\/2012\/02\/ikon_pdf-e1329416520935.jpg\" alt=\"\" width=\"40\" height=\"40\" \/><\/a><\/p>\n<p>\u0160kola hovo\u0159\u00ed \u010d.7 <a href=\"http:\/\/zskarlaiv.cz\/wp-content\/uploads\/2012\/06\/\u0160kola-hovo\u0159\u00ed-\u010d.7.pdf\" target=\"_blank\"><img decoding=\"async\" title=\"ikon_pdf\" src=\"http:\/\/zskarlaiv.cz\/wp-content\/uploads\/2012\/02\/ikon_pdf-e1329416520935.jpg\" alt=\"\" width=\"40\" height=\"40\" \/><\/a><\/p>\n<p>\u0160kola hovo\u0159\u00ed \u010d.8 <a href=\"http:\/\/zskarlaiv.cz\/wp-content\/uploads\/2012\/06\/\u0160kola-hovo\u0159\u00ed-\u010d.8.pdf\" target=\"_blank\"><img decoding=\"async\" title=\"ikon_pdf\" src=\"http:\/\/zskarlaiv.cz\/wp-content\/uploads\/2012\/02\/ikon_pdf-e1329416520935.jpg\" alt=\"\" width=\"40\" height=\"40\" \/><\/a><\/p>\n<p>\u0160kola hovo\u0159\u00ed II &#8211; \u010d.1 <a href=\"http:\/\/zskarlaiv.cz\/wp-content\/uploads\/2012\/06\/\u0160kola-hovo\u0159\u00ed-II-1.pdf\" target=\"_blank\"><img decoding=\"async\" title=\"ikon_pdf\" src=\"http:\/\/zskarlaiv.cz\/wp-content\/uploads\/2012\/02\/ikon_pdf-e1329416520935.jpg\" alt=\"\" width=\"40\" height=\"40\" \/><\/a><\/p>\n<p>\u0160kola hovo\u0159\u00ed II &#8211; \u010d.2 <a href=\"http:\/\/zskarlaiv.cz\/wp-content\/uploads\/2012\/06\/\u0160kola-hovo\u0159\u00ed-II-2.pdf\" target=\"_blank\"><img decoding=\"async\" title=\"ikon_pdf\" src=\"http:\/\/zskarlaiv.cz\/wp-content\/uploads\/2012\/02\/ikon_pdf-e1329416520935.jpg\" alt=\"\" width=\"40\" height=\"40\" \/><\/a><\/p>\n<p>\u0160kola hovo\u0159\u00ed II &#8211; \u010d.3 <a href=\"http:\/\/zskarlaiv.cz\/wp-content\/uploads\/2012\/06\/\u0160kola-hovo\u0159\u00ed-II-3.pdf\" target=\"_blank\"><img decoding=\"async\" title=\"ikon_pdf\" src=\"http:\/\/zskarlaiv.cz\/wp-content\/uploads\/2012\/02\/ikon_pdf-e1329416520935.jpg\" alt=\"\" width=\"40\" height=\"40\" \/><\/a><\/p>\n<p>Mlad\u00fd budovatel 1951 \u010d.1 <a href=\"http:\/\/zskarlaiv.cz\/wp-content\/uploads\/2012\/06\/Mlad\u00fd-budovatel-1951-1.pdf\" target=\"_blank\"><img decoding=\"async\" title=\"ikon_pdf\" src=\"http:\/\/zskarlaiv.cz\/wp-content\/uploads\/2012\/02\/ikon_pdf-e1329416520935.jpg\" alt=\"\" width=\"40\" height=\"40\" \/><\/a><\/p>\n<p>Mlad\u00fd budovatel \u010d.2 <a href=\"http:\/\/zskarlaiv.cz\/wp-content\/uploads\/2012\/06\/Mlad\u00fd-budovatel-\u010d.2.pdf\" target=\"_blank\"><img decoding=\"async\" title=\"ikon_pdf\" src=\"http:\/\/zskarlaiv.cz\/wp-content\/uploads\/2012\/02\/ikon_pdf-e1329416520935.jpg\" alt=\"\" width=\"40\" height=\"40\" \/><\/a><\/p>\n<p>Mlad\u00fd budovatel \u010d.3 &#8211; 4 <a href=\"http:\/\/zskarlaiv.cz\/wp-content\/uploads\/2012\/06\/Mlad\u00fd-budovatel-\u010d.3-4.pdf\" target=\"_blank\"><img decoding=\"async\" title=\"ikon_pdf\" src=\"http:\/\/zskarlaiv.cz\/wp-content\/uploads\/2012\/02\/ikon_pdf-e1329416520935.jpg\" alt=\"\" width=\"40\" height=\"40\" \/><\/a><\/p>\n","protected":false},"excerpt":{"rendered":"<p>\u0160koln\u00ed \u010dasopisy V roce 80. v\u00fdro\u010d\u00ed zalo\u017een\u00ed \u0161koly jsme z\u00edskali zaj\u00edmav\u00fd historick\u00fd artefakt. B\u00fdval\u00e1 \u017e\u00e1kyn\u011b na\u0161\u00ed \u0161koly, pan\u00ed R\u016f\u017eena Schweizerov\u00e1, n\u00e1m darovala \u0161koln\u00ed \u010dasopisy ze 40. a 50. let minul\u00e9ho stolet\u00ed \u2013 \u0160kola hovo\u0159\u00ed a Mlad\u00fd budovatel. \u0160kola hovo\u0159\u00ed \u010d.1-2 \u0160kola hovo\u0159\u00ed \u010d. 3 \u0160kola hovo\u0159\u00ed \u010d.4 \u0160kola hovo\u0159\u00ed \u010d.5 \u0160kola hovo\u0159\u00ed \u010d.6 \u0160kola hovo\u0159\u00ed <a class=\"read-more\" href=\"https:\/\/zskarlaiv.cz\/?page_id=1671\">\u010c\u00edst d\u00e1le&#8230;<\/a><\/p>\n","protected":false},"author":1,"featured_media":0,"parent":0,"menu_order":0,"comment_status":"closed","ping_status":"open","template":"","meta":{"ngg_post_thumbnail":0,"footnotes":""},"class_list":["post-1671","page","type-page","status-publish","hentry"],"_links":{"self":[{"href":"https:\/\/zskarlaiv.cz\/index.php?rest_route=\/wp\/v2\/pages\/1671","targetHints":{"allow":["GET"]}}],"collection":[{"href":"https:\/\/zskarlaiv.cz\/index.php?rest_route=\/wp\/v2\/pages"}],"about":[{"href":"https:\/\/zskarlaiv.cz\/index.php?rest_route=\/wp\/v2\/types\/page"}],"author":[{"embeddable":true,"href":"https:\/\/zskarlaiv.cz\/index.php?rest_route=\/wp\/v2\/users\/1"}],"replies":[{"embeddable":true,"href":"https:\/\/zskarlaiv.cz\/index.php?rest_route=%2Fwp%2Fv2%2Fcomments&post=1671"}],"version-history":[{"count":1,"href":"https:\/\/zskarlaiv.cz\/index.php?rest_route=\/wp\/v2\/pages\/1671\/revisions"}],"predecessor-version":[{"id":1672,"href":"https:\/\/zskarlaiv.cz\/index.php?rest_route=\/wp\/v2\/pages\/1671\/revisions\/1672"}],"wp:attachment":[{"href":"https:\/\/zskarlaiv.cz\/index.php?rest_route=%2Fwp%2Fv2%2Fmedia&parent=1671"}],"curies":[{"name":"wp","href":"https:\/\/api.w.org\/{rel}","templated":true}]}}